+ 54. What is the tens digit of t?
7
Suppose 2*c = -c - 4*y + 18, -c = -2*y - 6. Let a = c - 2. Suppose 83 = a*p - 41. What is the tens digit of p?
3
Suppose 3*q - 10 = -22. Let v = q + 7. Suppose r + v = -3*h + 5, -r + 2*h = -2. What is the units digit of r?
2
Suppose 3*b + 4*z = -5 + 46, -4*z + 20 = 0. Suppose 8*d - b*d = 98. What is the tens digit of d?
9
Let r(x) = x**3 + 24*x**2 + 21*x + 25. Let l be r(-23). Suppose -2*n = -n - l. What is the units digit of n?
1
What is the hundreds digit of (3 + -2)/((0 - 5)/(-4435))?
8
Suppose 2*k = 1043 + 507. What is the hundreds digit of k?
7
Let h = 897 + -616. What is the tens digit of h?
8
Let l = 12 + 252. What is the units digit of l?
4
Suppose -23*q - 24402 = -37*q. What is the tens digit of q?
4
Let m(c) = c - 4. Let s be m(9). Suppose 4*q - 231 = s*k, 0*q - 147 = -3*q - 5*k. What is the tens digit of q?
5
What is the units digit of ((-1001)/21 - -5)*-3?
8
Let d be 4/6*(39 + -6). Suppose -z - d + 120 = 0. What is the units digit of z?
8
Let o(b) = -b + 1. Let l(j) = 5*j - 1. Let s(x) = l(x) + 4*o(x). What is the units digit of s(5)?
8
Let n(f) be the third derivative of -f**5/30 - f**3/3 - 8*f**2. Let b be n(3). What is the tens digit of (-5)/b - (-438)/8?
5
What is the tens digit of ((-1861)/(-3))/((-4)/(-12))?
6
Suppose -3764 = -14*l + 1570. What is the units digit of l?
1
Let y(n) = -2*n**3 + 5*n**2 + 24*n - 47. Let f(t) = t**3 - 2*t**2 - 11*t + 24. Let u(p) = -9*f(p) - 4*y(p). What is the units digit of u(-7)?
6
Suppose 0 = -4*j + 5*s + 1169, -2*j + s + 584 = -s. What is the tens digit of j?
9
Let d be 9*(-6)/(-9) + -1. Suppose 9 = d*c - 1. What is the units digit of (-27)/c*24/(-9)?
6
Suppose 0 = -5*h + 5 + 5. Suppose 2*z = 3*u - 13, u = 4*u + h*z - 29. Suppose -u*x = -11*x + 28. What is the units digit of x?
7
Let u be (-2)/(-6)*(2 + 13). Suppose 23 = 4*j - z, -17 = -4*j - 6*z + 5*z. Suppose -u = -s + j. What is the tens digit of s?
1
Let s be (-136)/22 - 6/99*-3. What is the units digit of s*(91/2)/(-7)?
9
Suppose 3*f - 26 = -5*v, 5*v = 2*f + v + 12. What is the tens digit of (8 + -7)*(77 - (f - 4))?
7
Let o(d) = 6*d**2 + 5*d - 3. Let q = -15 - -14. Let h = q + -2. What is the tens digit of o(h)?
3
Suppose -2*y + 25 = 3*y. Suppose -r + 97 = -y*q, 201 = 3*r + 4*q - q. What is the tens digit of r?
7
Let m(z) = z**3 - 4*z**2 + 1. Let v be m(5). Suppose 27*o - 26 = v*o. What is the units digit of o?
6
Let n(h) = 4*h**2 - 2*h - 1. Let a be n(-1). Let w(v) = -v**3 - v + 36. Let s be w(0). Suppose -336 = -a*d - s. What is the units digit of d?
0
Suppose 0 = -25*b + 26*b - 1255. What is the thousands digit of b?
1
What is the hundreds digit of 9/(-6) + (-467)/(-2)?
2
Let b(t) = 2*t + 9. Let f be b(10). Let v = -32 + f. What is the tens digit of 58/4 + v/(-2)?
1
Suppose -3*o - 63 = -2*l, 2 + 3 = -5*o. Suppose 0 = -4*d + 5*y + 15, -3*d - 2*d + l = -4*y. What is the units digit of 0/3 - (0 - d)?
0
Let i(s) = -s**2 - 7*s - 4. Let q be i(-4). What is the tens digit of q*(-22)/(-4) - -1?
4
Suppose -4*a + 5*j - 40 = -9*a, 13 = a + 2*j. Suppose 4*s - 13 = a*s. Suppose -c + 2*c - s = 0. What is the units digit of c?
3
Let f be 9*(-5)/((-4)/(-4)). Let z = f - -66. What is the tens digit of z?
2
Let y(x) = -134*x - 51. What is the units digit of y(-3)?
1
Let d(o) = 8*o + 2*o + o**2 + 0*o + 2 + 4. Let m(b) = -b**3 + 6*b**2 - 6*b - 6. Let y be m(5). What is the units digit of d(y)?
7
Suppose 9*j - 6*j = 420. What is the hundreds digit of j?
1
Let y = -47 - -43. What is the tens digit of (y + 1)*-1 + 3*17?
5
Suppose -282*w = -294*w + 1464. What is the tens digit of w?
2
Let w = -5 + 9. Let u be (-6)/(-15) - (-8)/5. Suppose 3*l + w*g - 131 + 0 = 0, 93 = u*l - 3*g. What is the units digit of l?
5
Suppose 3*y + 19 + 181 = -4*h, -5*h - 4*y = 249. Let l = h - -107. What is the units digit of l?
4
Let h(c) = -64*c - 28. Let v be h(-3). Let u = v + 13. What is the hundreds digit of u?
1
Suppose -d = 2*a - 17, a - 46 = -2*d - 0*d. Let b = d - 22. Suppose 2*v - 45 = -m - 2*m, -3*m + 60 = -b*v. What is the units digit of m?
7
Let u(z) = -864*z**3 + z**2 + 3*z + 2. What is the hundreds digit of u(-1)?
8
What is the hundreds digit of (-4)/(-6)*6*503?
0
Suppose 0 = 4*o + 4*w - 4596, 2*o + 2*w = -w + 2296. What is the units digit of o?
1
Let r(m) be the first derivative of 104 - m**2 - 111 + 3*m - m**2. What is the units digit of r(-7)?
1
Suppose -9*n - 1061 = 37. What is the units digit of -2 - (n + 0) - 5?
5
What is the hundreds digit of (-3*(-326)/(-9))/((-3)/108)?
9
Let n be (-11)/(-4) - (-1)/4. Let p(d) = -d**2 - 2*d + 4. Let l be p(-3). What is the units digit of (-3 + n)/l + 20?
0
Suppose 4*u + 82 = 18. Let c be (-1)/(-4) - (-68)/u. Let j(t) = -t - 2. What is the units digit of j(c)?
2
Suppose 4*b + 2*m - 14 = 0, 5*m - 3 = 2. Suppose 7 = -b*s + 4*s - 2*c, 2*s + 5*c - 14 = 0. What is the units digit of s?
7
Suppose c + 2*b = -3, 4*b - 38 = 4*c + 10. Let s = c + 11. Suppose 3 = s*i + i. What is the units digit of i?
1
Let h = 5476 + 226. What is the tens digit of h?
0
Suppose -4*f + 186 = -82. Let g = f - 96. Let v = -8 - g. What is the tens digit of v?
2
Let a(g) = -3*g**3 + 33*g**2 + 6*g + 62. Let o(r) = -r**3 + 16*r**2 + 3*r + 31. Let m(f) = 2*a(f) - 5*o(f). What is the units digit of m(-14)?
1
Let d(f) = -113*f + 2 - 8 + 111*f. What is the units digit of d(-7)?
8
Let h be (21 - -2) + 3 + (3 - 3). Suppose -h = 3*p - 200. What is the units digit of p?
8
Suppose 2*f + 5*x = 1929 + 794, f + 3*x = 1360. What is the hundreds digit of f?
3
Suppose 5*u - 4131 = -a + 9508, -20 = -5*a. What is the hundreds digit of u?
7
Suppose -2*j - 4 = -4*w - 24, j - 40 = -4*w. Suppose 5*m - 9 = -3*o, o + 0*m = 4*m + j. What is the units digit of o?
8
Let r(l) be the first derivative of -l**2 + 8*l + 1. What is the tens digit of r(-5)?
1
Suppose d = -2*x + 3*x - 150, 2*d = -3*x + 440. Suppose 5*r - 8 = 2*n + 2*n, -r + 1 = -n. Suppose n*y = -y + x. What is the units digit of y?
7
Suppose -5*m - 12 = 23. Let s be 31 - (-5 + -1)/(-2). Let i = s + m. What is the tens digit of i?
2
Let q = -70 + 16. Let o(i) = -i**3 + i**2 + 4*i - 5. Let m be o(5). Let j = q - m. What is the units digit of j?
1
Suppose 4*v + 248 = 2*w + 2*v, 0 = 3*w + 4*v - 358. Suppose 0 = -5*k + 4*k + g + w, -5*g + 25 = 0. What is the tens digit of k?
2
Let h(r) = -4 - 11 - 15 + 2 - 37*r. What is the units digit of h(-4)?
0
Let s be -10*(-1)/((-4)/(-2)). Suppose -s = x + a - 4, -4*x - 19 = a. What is the tens digit of (-1)/2 - 135/x?
2
Let w = -36 - -41. Suppose -2*z - 2*x + 65 = -109, 0 = 5*z - w*x - 455. What is the tens digit of z?
8
Suppose 4*j + 421 = 3*y, j + 618 = 3*y + 209. Suppose 0*w + y = 5*w. What is the tens digit of w?
2
Let b(w) = 2*w. Let m be b(-13). Let k = 1 - m. What is the tens digit of k?
2
Let k(w) = 3*w**3 - 5*w**2 + 3*w + 3. Let n be k(3). Suppose -f - 4*u = -n, -5*u + 3*u - 144 = -3*f. Suppose 3*i = 7*i - f. What is the units digit of i?
2
Let r(q) = -2*q**2 + 3*q + 5. Let y be r(3). What is the tens digit of 200/(-2)*y/4?
0
Let x = -105 - -322. Let v = x - -62. What is the units digit of v?
9
Suppose -126 = 5*l + u, -5*l - 98 = -2*l - 5*u. What is the units digit of (-38)/209 + l/(-22)?
1
Let y be 2/10 - 66/30. Let l = -1 - y. What is the tens digit of (-3 + 32)*l*1?
2
Let m(k) = -k**2 - 7*k - 7. Suppose 0 = 2*t - 4*v + 26, -2*t = 5*v - v - 6. What is the units digit of m(t)?
3
Let d = -7 - -12. Suppose d*x = -3*x + 1056. What is the hundreds digit of x?
1
Let d(n) = -9*n**3 - n - 2. Let p = -32 + 30. What is the units digit of d(p)?
2
Suppose -17777 - 42471 = -34*m. What is the tens digit of m?
7
Let i(x) = x**3 + 19*x**2 - 28*x - 18. Let t = 1 - 21. What is the tens digit of i(t)?
4
Let i = -4419 - -6691. What is the hundreds digit of i?
2
Let x(f) = f**2 - 8*f - 9. Let h be x(11). Suppose 4*t = -5*a + 63, 0 = -3*t + a + 47 + h. What is the units digit of t?
2
Let v(y) be the first derivative of y**4/24 + y**3/2 + y**2 - 3. Let c(n) be the second derivative of v(n). What is the tens digit of c(13)?
1
Let u(z) be the third derivative of -z**5/60 - z**4/2 + 5*z**3/6 + z**2. Let p(d) = d**3 + d**2 - 3. Let w be p(-2). What is the tens digit of u(w)?
4
Suppose -k = -2*f - 3 - 10, 5*f = k - 25. Suppose 0 = -5*a + 3*j + 152, -2*j = -a - k*j + 34